{"id":4435,"date":"2024-03-16T10:55:48","date_gmt":"2024-03-16T10:55:48","guid":{"rendered":"https:\/\/todo-derecho.com\/?page_id=4435"},"modified":"2025-05-11T18:15:39","modified_gmt":"2025-05-11T18:15:39","slug":"siempre-mutuo-acuerdo","status":"publish","type":"page","link":"https:\/\/todo-derecho.com\/?page_id=4435","title":{"rendered":"Siempre optar por un arreglo amistoso o mutuo acuerdo ante un problema jur\u00eddico."},"content":{"rendered":"\n<p><\/p>\n\n\n\n<h4 class=\"wp-block-heading\">Horario de atenci\u00f3n al p\u00fablico en nuestro despacho.<\/h4>\n\n\n\n<p><strong>De lunes a s\u00e1bado de:<\/strong><\/p>\n\n\n\n<p><strong>9:45h a 13:45h<\/strong><\/p>\n\n\n\n<p><strong>Imprescindible cita previa.<\/strong><\/p>\n\n\n\n<p><strong>ELISABET NATIVIDAD GUTI\u00c9RREZ ALCAL\u00c1.<\/strong><\/p>\n\n\n\n<p><strong>Abogada. Col.n\u00ba 6.346 en el Ilustre Colegio de Abogados de Granada.<\/strong><\/p>\n\n\n\n<p><strong>Direcci\u00f3n:<\/strong><\/p>\n\n\n\n<p>C\/Juan Pedernal, n\u00ba 4, BAJOS. C.P. 18.500 Guadix (Granada). Espa\u00f1a\/Spain.<br>Residencial Paraiso de Macael.<\/p>\n\n\n\n<p><strong>Cita previa m\u00f3vil 1: 690 303 447.<\/strong><\/p>\n\n\n\n<p><strong>Cita previa m\u00f3vil 2: 656 256 803.<\/strong><\/p>\n\n\n\n<p><strong>Tel\u00e9fono despacho 1: 958 68 80 03.<\/strong><\/p>\n\n\n\n<p><strong>Tel\u00e9fono despacho 2: 958 68 09 00.<\/strong><\/p>\n\n\n\n<p><strong>Fax: 958 68 80 03.<\/strong><\/p>\n\n\n\n<p><strong>E-mail:&nbsp;<\/strong><\/p>\n\n\n\n<p><strong><a href=\"mailto:elisabeth.gutierrez.alcala@gmail.com\">elisabeth.gutierrez.alcala@gmail.com<\/a><\/strong><\/p>\n\n\n\n<p><strong>E-mail:\u00a0<a href=\"mailto:despacho@todo-derecho.com\">despacho@todo-derecho.com<\/a><\/strong><\/p>\n\n\n\n<p>Siempre que sea posible ante cualquier problema se debe optar por un<strong> acuerdo amistoso.<\/strong> Nuestro despacho de abogados queda a su entera disposici\u00f3n para resolver su problema legal de forma amistosa.<\/p>\n\n\n\n<figure class=\"wp-block-image aligncenter size-full\"><img loading=\"lazy\" decoding=\"async\" width=\"720\" height=\"479\" src=\"https:\/\/todo-derecho.com\/wp-content\/uploads\/2025\/02\/ACUERDO-AMISTOSO.png\" alt=\"\" class=\"wp-image-7904\"\/><\/figure>\n\n\n\n<p class=\"has-text-align-center\"><strong>Acuerdo amistoso o soluci\u00f3n alternativa de conflictos-conciliaci\u00f3n privada.<\/strong><\/p>\n\n\n\n<p>\u00bfEn que consiste? Nuestro despacho estudiar\u00e1 el caso y les propondr\u00e1 <strong>varias alternativas o soluciones al problema<\/strong> que nos comenten para evitar acudir a los juzgados y Tribunales.<\/p>\n\n\n\n<p>Siempre es necesario y muy recomendable que las partes en conflicto lleguen a un acuerdo, por eso es importante que acudan todas las personas implicadas a nuestro despacho (a ser posible) y as\u00ed poder explicarnos su punto de vista del problema para poder asesorarles lo mejor posible.<\/p>\n\n\n\n<p><strong>Siempre que sea posible<\/strong>, ante cualquier conflicto o problema jur\u00eddico como por ejemplo, separaciones, divorcios, incumplimiento del convenio regulador, conflictos con la guarda y custodia de los hijos menores de edad, impagados, incumplimiento de contrato, problemas vecinales, problemas entre arrendador y arrendatario, conflictos entre las partes en un contrato de compra-venta, etc&#8230;, <strong>debemos intentar resolver el asunto de forma extrajudicial, (de forma amistosa o de mutuo acuerdo).<\/strong><\/p>\n\n\n\n<p class=\"has-text-align-center\"><strong>**************<\/strong><\/p>\n\n\n\n<p class=\"has-text-align-center\"><strong>ASPECTOS IMPORTANTES B\u00c1SICOS:<\/strong><\/p>\n\n\n\n<p>El encargo profesional al conciliador puede realizarse <strong>por las dos partes de mutuo<\/strong><br><strong>acuerdo o solo por una de ellas<\/strong> (pero bajo nuestra experiencia profesional, lo mejor es que sean ambas, ya que se genera mucha desconfianza). <\/p>\n\n\n\n<p>Se realiza una sesi\u00f3n inicial informativa (para todas la partes).<\/p>\n\n\n\n<p>Se emite un <strong>Acta de inicio de la conciliaci\u00f3n.<\/strong><\/p>\n\n\n\n<p>El<strong> acta se firma por todas las partes.<\/strong><\/p>\n\n\n\n<p>Se debe mantener el orden en todo momento, no se admite la falta de respeto, los gritos, etc&#8230;<\/p>\n\n\n\n<p>Se pone de <strong>manifiesto a las partes las dimensiones extrajur\u00eddicas de la controversia<\/strong>. (Es decir, cuales son las consecuencias).<\/p>\n\n\n\n<p>Se elaborar\u00e1 un <strong>acta final <\/strong>con el acuerdo amistoso adoptado por las partes.<\/p>\n\n\n\n<p><strong>En caso de desacuerdo<\/strong>,  se debe emitir una certificaci\u00f3n acreditativa de que se ha intentado sin efecto la conciliaci\u00f3n o el acuerdo amistoso.<\/p>\n\n\n\n<p>Si una de las partes ha rehusado participar en el proceso conciliador o de acuerdo amistoso, se hace constar en el certificado que se emita.<\/p>\n\n\n\n<p>****************<\/p>\n\n\n\n<p><strong>Art\u00edculo 48.3. Deberes de informaci\u00f3n e identificaci\u00f3n. <\/strong> Real Decreto 135\/2021, de 2 de marzo, por el que se aprueba el Estatuto General de la Abogac\u00eda Espa\u00f1ola.<\/p>\n\n\n\n<p> \u00abEl profesional de la Abogac\u00eda tiene la obligaci\u00f3n de informar a su cliente sobre la viabilidad del asunto que se le conf\u00eda, procurar\u00e1 disuadirle de promover conflictos o ejercitar acciones judiciales sin fundamento y le aconsejar\u00e1, en su caso, sobre las <strong>v\u00edas alternativas<\/strong> para la mejor satisfacci\u00f3n de sus intereses\u00bb.<\/p>\n\n\n\n<p>*****************<\/p>\n\n\n\n<p>En Despacho Jur\u00eddico Todo Derecho estamos a su disposici\u00f3n para ayudarle ante cualquier problema jur\u00eddico y para INTENTAR resolverlo SIEMPRE de <strong>forma amistosa<\/strong>.<\/p>\n\n\n\n<p>Solicite cita previa para ser atendido en nuestro despacho:<strong> 690 303 447.<\/strong><\/p>\n\n\n\n<p><\/p>\n\n\n\n<figure class=\"wp-block-image aligncenter size-large\"><img loading=\"lazy\" decoding=\"async\" width=\"767\" height=\"1024\" src=\"https:\/\/todo-derecho.com\/wp-content\/uploads\/2024\/03\/FOTO-AGENDA-2024-767x1024.jpg\" alt=\"Despacho Jur\u00eddico Todo Derecho. Elisabet Natividad Guti\u00e9rrez Alcal\u00e1. \nAbogada ejerciente col.n\u00ba 6346 Ilustre Colegio de Abogados de Granada.\" class=\"wp-image-4442\" srcset=\"https:\/\/todo-derecho.com\/wp-content\/uploads\/2024\/03\/FOTO-AGENDA-2024-767x1024.jpg 767w, https:\/\/todo-derecho.com\/wp-content\/uploads\/2024\/03\/FOTO-AGENDA-2024-225x300.jpg 225w, https:\/\/todo-derecho.com\/wp-content\/uploads\/2024\/03\/FOTO-AGENDA-2024-768x1026.jpg 768w, https:\/\/todo-derecho.com\/wp-content\/uploads\/2024\/03\/FOTO-AGENDA-2024-1150x1536.jpg 1150w, https:\/\/todo-derecho.com\/wp-content\/uploads\/2024\/03\/FOTO-AGENDA-2024.jpg 1533w\" sizes=\"auto, (max-width: 767px) 100vw, 767px\" \/><figcaption class=\"wp-element-caption\">Despacho Jur\u00eddico Todo Derecho. Elisabet Natividad Guti\u00e9rrez Alcal\u00e1. <br>Abogada ejerciente col.n\u00ba 6346 Ilustre Colegio de Abogados de Granada.<\/figcaption><\/figure>\n\n\n\n<p class=\"has-text-align-center\"><strong>**************<\/strong><\/p>\n\n\n\n<figure class=\"wp-block-embed is-type-wp-embed is-provider-incrustado wp-block-embed-incrustado\"><div class=\"wp-block-embed__wrapper\">\n<blockquote class=\"wp-embedded-content\" data-secret=\"ANlcfSerX4\"><a href=\"https:\/\/todo-derecho.com\/?page_id=61\">ACCESO Y CONSULTA ONLINE<\/a><\/blockquote><iframe loading=\"lazy\" class=\"wp-embedded-content\" sandbox=\"allow-scripts\" security=\"restricted\" style=\"position: absolute; visibility: hidden;\" title=\"\u00abACCESO Y CONSULTA ONLINE\u00bb \u2014 \" src=\"https:\/\/todo-derecho.com\/?page_id=61&#038;embed=true#?secret=Yy6qZwbsGi#?secret=ANlcfSerX4\" data-secret=\"ANlcfSerX4\" width=\"500\" height=\"282\" frameborder=\"0\" marginwidth=\"0\" marginheight=\"0\" scrolling=\"no\"><\/iframe>\n<\/div><figcaption class=\"wp-element-caption\">Puede realizar su consulta jur\u00eddica online desde este enlace. <br>Honorarios de la consulta: 25,00 euros (IVA INCLUIDO).<\/figcaption><\/figure>\n\n\n\n<p><\/p>\n\n\n\n<p>************************<\/p>\n\n\n\n<p>Muchas gracias por su atenci\u00f3n.<\/p>\n\n\n\n<div class=\"wp-block-media-text is-stacked-on-mobile\"><figure class=\"wp-block-media-text__media\"><img loading=\"lazy\" decoding=\"async\" width=\"1001\" height=\"736\" src=\"https:\/\/todo-derecho.com\/wp-content\/uploads\/2025\/05\/image-4-44.jpg\" alt=\"\" class=\"wp-image-9360 size-full\"\/><\/figure><div class=\"wp-block-media-text__content\">\n<p><strong>Muchas gracias por confiar en nuestro equipo jur\u00eddico.<\/strong><\/p>\n<\/div><\/div>\n\n\n\n<p>************************<\/p>\n\n\n\n<p>Web desarrollada por INFORMATIC@ MIPC: <a href=\"https:\/\/informaticamipc.com\/es\/\">https:\/\/informaticamipc.com\/es\/<\/a><\/p>\n","protected":false},"excerpt":{"rendered":"<p>Horario de atenci\u00f3n al p\u00fablico en nuestro despacho. De lunes a s\u00e1bado de: 9:45h a 13:45h Imprescindible cita previa. ELISABET NATIVIDAD GUTI\u00c9RREZ ALCAL\u00c1. Abogada. Col.n\u00ba 6.346 en el Ilustre Colegio de Abogados de Granada. Direcci\u00f3n: C\/Juan Pedernal, n\u00ba 4, BAJOS. C.P. 18.500 Guadix (Granada). Espa\u00f1a\/Spain.Residencial Paraiso de Macael. Cita previa m\u00f3vil 1: 690 303 447. &hellip;<\/p>\n<p class=\"read-more\"> <a class=\"\" href=\"https:\/\/todo-derecho.com\/?page_id=4435\"> <span class=\"screen-reader-text\">Siempre optar por un arreglo amistoso o mutuo acuerdo ante un problema jur\u00eddico.<\/span> Leer m\u00e1s &raquo;<\/a><\/p>\n","protected":false},"author":1,"featured_media":0,"parent":0,"menu_order":0,"comment_status":"closed","ping_status":"closed","template":"","meta":{"site-sidebar-layout":"default","site-content-layout":"default","ast-global-header-display":"","ast-banner-title-visibility":"","ast-main-header-display":"","ast-hfb-above-header-display":"","ast-hfb-below-header-display":"","ast-hfb-mobile-header-display":"","site-post-title":"","ast-breadcrumbs-content":"","ast-featured-img":"","footer-sml-layout":"","theme-transparent-header-meta":"","adv-header-id-meta":"","stick-header-meta":"","header-above-stick-meta":"","header-main-stick-meta":"","header-below-stick-meta":"","footnotes":""},"class_list":["post-4435","page","type-page","status-publish","hentry"],"_links":{"self":[{"href":"https:\/\/todo-derecho.com\/index.php?rest_route=\/wp\/v2\/pages\/4435","targetHints":{"allow":["GET"]}}],"collection":[{"href":"https:\/\/todo-derecho.com\/index.php?rest_route=\/wp\/v2\/pages"}],"about":[{"href":"https:\/\/todo-derecho.com\/index.php?rest_route=\/wp\/v2\/types\/page"}],"author":[{"embeddable":true,"href":"https:\/\/todo-derecho.com\/index.php?rest_route=\/wp\/v2\/users\/1"}],"replies":[{"embeddable":true,"href":"https:\/\/todo-derecho.com\/index.php?rest_route=%2Fwp%2Fv2%2Fcomments&post=4435"}],"version-history":[{"count":69,"href":"https:\/\/todo-derecho.com\/index.php?rest_route=\/wp\/v2\/pages\/4435\/revisions"}],"predecessor-version":[{"id":9364,"href":"https:\/\/todo-derecho.com\/index.php?rest_route=\/wp\/v2\/pages\/4435\/revisions\/9364"}],"wp:attachment":[{"href":"https:\/\/todo-derecho.com\/index.php?rest_route=%2Fwp%2Fv2%2Fmedia&parent=4435"}],"curies":[{"name":"wp","href":"https:\/\/api.w.org\/{rel}","templated":true}]}}